{"id":150,"date":"2021-12-09T11:24:36","date_gmt":"2021-12-09T11:24:36","guid":{"rendered":"https:\/\/galwaycivictrust.ie\/?page_id=150"},"modified":"2025-07-28T15:34:02","modified_gmt":"2025-07-28T15:34:02","slug":"meet-our-team","status":"publish","type":"page","link":"https:\/\/galwaycivictrust.ie\/index.php\/meet-our-team\/","title":{"rendered":"Meet Our Team"},"content":{"rendered":"<h3>Board Members<\/h3>\n<p><strong>Gerard D&#8217;Arcy &#8211; Chairman<br \/>\n<\/strong><\/p>\n<blockquote><p><img data-recalc-dims=\"1\" loading=\"lazy\" decoding=\"async\" data-attachment-id=\"182\" data-permalink=\"https:\/\/galwaycivictrust.ie\/index.php\/meet-our-team\/solar-panels-1794467_960_720-3\/\" data-orig-file=\"https:\/\/i0.wp.com\/galwaycivictrust.ie\/wp-content\/uploads\/2021\/12\/solar-panels-1794467_960_720-2.jpg?fit=500%2C600&amp;ssl=1\" data-orig-size=\"500,600\" data-comments-opened=\"0\" data-image-meta=\"{&quot;aperture&quot;:&quot;0&quot;,&quot;credit&quot;:&quot;&quot;,&quot;camera&quot;:&quot;&quot;,&quot;caption&quot;:&quot;&quot;,&quot;created_timestamp&quot;:&quot;0&quot;,&quot;copyright&quot;:&quot;&quot;,&quot;focal_length&quot;:&quot;0&quot;,&quot;iso&quot;:&quot;0&quot;,&quot;shutter_speed&quot;:&quot;0&quot;,&quot;title&quot;:&quot;&quot;,&quot;orientation&quot;:&quot;0&quot;}\" data-image-title=\"solar-panels-1794467_960_720\" data-image-description=\"\" data-image-caption=\"\" data-medium-file=\"https:\/\/i0.wp.com\/galwaycivictrust.ie\/wp-content\/uploads\/2021\/12\/solar-panels-1794467_960_720-2.jpg?fit=250%2C300&amp;ssl=1\" data-large-file=\"https:\/\/i0.wp.com\/galwaycivictrust.ie\/wp-content\/uploads\/2021\/12\/solar-panels-1794467_960_720-2.jpg?fit=500%2C600&amp;ssl=1\" class=\"alignleft wp-image-182 size-medium\" src=\"https:\/\/i0.wp.com\/galwaycivictrust.ie\/wp-content\/uploads\/2021\/12\/solar-panels-1794467_960_720-2.jpg?resize=250%2C300&#038;ssl=1\" alt=\"\" width=\"250\" height=\"300\" srcset=\"https:\/\/i0.wp.com\/galwaycivictrust.ie\/wp-content\/uploads\/2021\/12\/solar-panels-1794467_960_720-2.jpg?resize=250%2C300&amp;ssl=1 250w, https:\/\/i0.wp.com\/galwaycivictrust.ie\/wp-content\/uploads\/2021\/12\/solar-panels-1794467_960_720-2.jpg?w=500&amp;ssl=1 500w\" sizes=\"auto, (max-width: 250px) 100vw, 250px\" \/>Gerard worked with a semi-state organisation as a building services engineer for over 40 years. In the last 15 years his emphasis has been mainly on renewable\u00a0 \u00a0energy for domestic, commercial, industrial and community buildings. Gerard is semi-retired at the moment and has continued carrying out some engineering work,\u00a0 mostly on a voluntary basis. He is a Board member of the Galway Civic Trust and acting treasurer, an EI chartered engineer and holder of a BComm \u00a0(UCG) and MSc Mechanical Engineering (Brunel University, London).<\/p>\n<p>Gerard has worked with communities throughout the Gaeltacht on renewable energy projects over the last fifteen years, provided mentorship to graduate engineers from NUIG, GMIT, SIT and LIT. He has worked extensively with communities on SEAI grant applications. Gerard is a past member of the Galway Cathedral Gospel Choir and the Tribe Tones choir, he helped to establish a new community choir in September 2021 with a main\u00a0 emphasis on mental wellness.<\/p><\/blockquote>\n<p><strong>Brendan McGlinchey &#8211; Secretary<\/strong><\/p>\n<p><strong>Don Clifford &#8211; Treasurer<\/strong><\/p>\n<div id=\"attachment_173\" style=\"width: 160px\" class=\"wp-caption alignright\"><img data-recalc-dims=\"1\" loading=\"lazy\" decoding=\"async\" aria-describedby=\"caption-attachment-173\" data-attachment-id=\"173\" data-permalink=\"https:\/\/galwaycivictrust.ie\/index.php\/meet-our-team\/265598869_4872455789465065_3842651986651995543_n\/\" data-orig-file=\"https:\/\/i0.wp.com\/galwaycivictrust.ie\/wp-content\/uploads\/2021\/12\/265598869_4872455789465065_3842651986651995543_n.jpg?fit=516%2C640&amp;ssl=1\" data-orig-size=\"516,640\" data-comments-opened=\"0\" data-image-meta=\"{&quot;aperture&quot;:&quot;0&quot;,&quot;credit&quot;:&quot;&quot;,&quot;camera&quot;:&quot;&quot;,&quot;caption&quot;:&quot;&quot;,&quot;created_timestamp&quot;:&quot;0&quot;,&quot;copyright&quot;:&quot;&quot;,&quot;focal_length&quot;:&quot;0&quot;,&quot;iso&quot;:&quot;0&quot;,&quot;shutter_speed&quot;:&quot;0&quot;,&quot;title&quot;:&quot;&quot;,&quot;orientation&quot;:&quot;0&quot;}\" data-image-title=\"265598869_4872455789465065_3842651986651995543_n\" data-image-description=\"\" data-image-caption=\"\" data-medium-file=\"https:\/\/i0.wp.com\/galwaycivictrust.ie\/wp-content\/uploads\/2021\/12\/265598869_4872455789465065_3842651986651995543_n.jpg?fit=242%2C300&amp;ssl=1\" data-large-file=\"https:\/\/i0.wp.com\/galwaycivictrust.ie\/wp-content\/uploads\/2021\/12\/265598869_4872455789465065_3842651986651995543_n.jpg?fit=516%2C640&amp;ssl=1\" class=\"wp-image-173 size-thumbnail\" src=\"https:\/\/i0.wp.com\/galwaycivictrust.ie\/wp-content\/uploads\/2021\/12\/265598869_4872455789465065_3842651986651995543_n.jpg?resize=150%2C150&#038;ssl=1\" alt=\"\" width=\"150\" height=\"150\" srcset=\"https:\/\/i0.wp.com\/galwaycivictrust.ie\/wp-content\/uploads\/2021\/12\/265598869_4872455789465065_3842651986651995543_n.jpg?resize=150%2C150&amp;ssl=1 150w, https:\/\/i0.wp.com\/galwaycivictrust.ie\/wp-content\/uploads\/2021\/12\/265598869_4872455789465065_3842651986651995543_n.jpg?resize=80%2C80&amp;ssl=1 80w, https:\/\/i0.wp.com\/galwaycivictrust.ie\/wp-content\/uploads\/2021\/12\/265598869_4872455789465065_3842651986651995543_n.jpg?resize=320%2C320&amp;ssl=1 320w, https:\/\/i0.wp.com\/galwaycivictrust.ie\/wp-content\/uploads\/2021\/12\/265598869_4872455789465065_3842651986651995543_n.jpg?zoom=3&amp;resize=150%2C150&amp;ssl=1 450w\" sizes=\"auto, (max-width: 150px) 100vw, 150px\" \/><p id=\"caption-attachment-173\" class=\"wp-caption-text\">Brendan Savage<\/p><\/div>\n<p><strong>Brendan Savage &#8211; Trustee<br \/>\n<\/strong><\/p>\n<blockquote><p>Brendan has over 30 years hands on experience in all things creative from opera to corporate events, he has excellent visualization skills and the ability to realize even the largest scale project.<\/p><\/blockquote>\n<p><strong>Tommy Conneely &#8211; Trustee<\/strong><\/p>\n<p><strong>Peter Connolly &#8211; Trustee<\/strong><\/p>\n<blockquote><p><img data-recalc-dims=\"1\" loading=\"lazy\" decoding=\"async\" data-attachment-id=\"1710\" data-permalink=\"https:\/\/galwaycivictrust.ie\/index.php\/meet-our-team\/23330_n\/\" data-orig-file=\"https:\/\/i0.wp.com\/galwaycivictrust.ie\/wp-content\/uploads\/2025\/07\/23330_n.jpg?fit=500%2C375&amp;ssl=1\" data-orig-size=\"500,375\" data-comments-opened=\"1\" data-image-meta=\"{&quot;aperture&quot;:&quot;0&quot;,&quot;credit&quot;:&quot;&quot;,&quot;camera&quot;:&quot;&quot;,&quot;caption&quot;:&quot;&quot;,&quot;created_timestamp&quot;:&quot;0&quot;,&quot;copyright&quot;:&quot;&quot;,&quot;focal_length&quot;:&quot;0&quot;,&quot;iso&quot;:&quot;0&quot;,&quot;shutter_speed&quot;:&quot;0&quot;,&quot;title&quot;:&quot;&quot;,&quot;orientation&quot;:&quot;0&quot;}\" data-image-title=\"23330_n\" data-image-description=\"\" data-image-caption=\"\" data-medium-file=\"https:\/\/i0.wp.com\/galwaycivictrust.ie\/wp-content\/uploads\/2025\/07\/23330_n.jpg?fit=300%2C225&amp;ssl=1\" data-large-file=\"https:\/\/i0.wp.com\/galwaycivictrust.ie\/wp-content\/uploads\/2025\/07\/23330_n.jpg?fit=500%2C375&amp;ssl=1\" src=\"https:\/\/i0.wp.com\/galwaycivictrust.ie\/wp-content\/uploads\/2025\/07\/23330_n.jpg?resize=300%2C225&#038;ssl=1\" alt=\"\" width=\"300\" height=\"225\" class=\"alignleft size-medium wp-image-1710\" srcset=\"https:\/\/i0.wp.com\/galwaycivictrust.ie\/wp-content\/uploads\/2025\/07\/23330_n.jpg?resize=300%2C225&amp;ssl=1 300w, https:\/\/i0.wp.com\/galwaycivictrust.ie\/wp-content\/uploads\/2025\/07\/23330_n.jpg?w=500&amp;ssl=1 500w\" sizes=\"auto, (max-width: 300px) 100vw, 300px\" \/>Peter is a dedicated director and trustee of Galway Civic Trust, bringing a deep passion for heritage preservation and community engagement. A founding member of B\u00e1d\u00f3ir\u00ed an Chladaigh, Peter has played a central role in reviving and sustaining Galway\u2019s traditional maritime culture, particularly the restoration and sailing of the iconic Galway Hooker. With decades of experience in cultural heritage and local activism, Peter continues to champion initiatives that celebrate Galway\u2019s unique history and strengthen its community roots.<\/p><\/blockquote>\n<p>&nbsp;<\/p>\n<h3><\/h3>\n<h4>Galway Civic Trust \/ D\u00fachas na Gaillimhe\u00a0 Staff Members<\/h4>\n<p><strong>Fiona Hackett &#8211; Office Administrator, Archivist, and Genealogist<\/strong><\/p>\n<p><strong>Declan O&#8217;Shea &#8211; Tour Guide and Researcher<br \/>\n<\/strong><\/p>\n<blockquote>\n<div id=\"attachment_168\" style=\"width: 160px\" class=\"wp-caption alignright\"><img data-recalc-dims=\"1\" loading=\"lazy\" decoding=\"async\" aria-describedby=\"caption-attachment-168\" data-attachment-id=\"168\" data-permalink=\"https:\/\/galwaycivictrust.ie\/index.php\/meet-our-team\/declan\/\" data-orig-file=\"https:\/\/i0.wp.com\/galwaycivictrust.ie\/wp-content\/uploads\/2021\/12\/Declan.jpg?fit=180%2C240&amp;ssl=1\" data-orig-size=\"180,240\" data-comments-opened=\"0\" data-image-meta=\"{&quot;aperture&quot;:&quot;0&quot;,&quot;credit&quot;:&quot;&quot;,&quot;camera&quot;:&quot;&quot;,&quot;caption&quot;:&quot;&quot;,&quot;created_timestamp&quot;:&quot;0&quot;,&quot;copyright&quot;:&quot;&quot;,&quot;focal_length&quot;:&quot;0&quot;,&quot;iso&quot;:&quot;0&quot;,&quot;shutter_speed&quot;:&quot;0&quot;,&quot;title&quot;:&quot;&quot;,&quot;orientation&quot;:&quot;0&quot;}\" data-image-title=\"Declan\" data-image-description=\"\" data-image-caption=\"\" data-medium-file=\"https:\/\/i0.wp.com\/galwaycivictrust.ie\/wp-content\/uploads\/2021\/12\/Declan.jpg?fit=180%2C240&amp;ssl=1\" data-large-file=\"https:\/\/i0.wp.com\/galwaycivictrust.ie\/wp-content\/uploads\/2021\/12\/Declan.jpg?fit=180%2C240&amp;ssl=1\" class=\"wp-image-168 size-thumbnail\" src=\"https:\/\/i0.wp.com\/galwaycivictrust.ie\/wp-content\/uploads\/2021\/12\/Declan.jpg?resize=150%2C150&#038;ssl=1\" alt=\"Declan O'Shea\" width=\"150\" height=\"150\" srcset=\"https:\/\/i0.wp.com\/galwaycivictrust.ie\/wp-content\/uploads\/2021\/12\/Declan.jpg?resize=150%2C150&amp;ssl=1 150w, https:\/\/i0.wp.com\/galwaycivictrust.ie\/wp-content\/uploads\/2021\/12\/Declan.jpg?resize=80%2C80&amp;ssl=1 80w\" sizes=\"auto, (max-width: 150px) 100vw, 150px\" \/><p id=\"caption-attachment-168\" class=\"wp-caption-text\">Declan O&#8217;Shea<\/p><\/div>\n<p>Declan is an IT professional who returned to third level education as a mature student, achieving a\u00a0 degree in IT and Archaeology from the National University of Ireland, Galway. Declan has a special interest in vernacular farm architecture and the streetscapes of Irish towns. His technical career began as an engineer with the US Navy in San Diego. He traveled extensively before returning to Ireland and finally settling down in Galway.<\/p><\/blockquote>\n<p>&nbsp;<\/p>\n<p><strong>Ian Brophy &#8211; Tour Guide and Researcher<\/strong><\/p>\n<p><strong>Ronan Harvey &#8211; Tour Guide and Researcher<\/strong><\/p>\n<p>&nbsp;<\/p>\n","protected":false},"excerpt":{"rendered":"<p>Board Members Gerard D&#8217;Arcy &#8211; Chairman Gerard worked with a semi-state organisation as a building services engineer for over 40 years. In the last 15 years his emphasis has been mainly on renewable\u00a0 \u00a0energy for domestic, commercial, industrial and community buildings. Gerard is semi-retired at the moment and has continued [&hellip;]<\/p>\n","protected":false},"author":1,"featured_media":1710,"parent":0,"menu_order":0,"comment_status":"closed","ping_status":"closed","template":"","meta":{"jetpack_post_was_ever_published":false,"footnotes":""},"class_list":["post-150","page","type-page","status-publish","has-post-thumbnail","hentry"],"yoast_head":"<!-- This site is optimized with the Yoast SEO plugin v25.6 - https:\/\/yoast.com\/wordpress\/plugins\/seo\/ -->\n<title>Meet Our Team - Galway Civic Trust - D\u00fachas Na Gaillimhe<\/title>\n<meta name=\"robots\" content=\"index, follow, max-snippet:-1, max-image-preview:large, max-video-preview:-1\" \/>\n<link rel=\"canonical\" href=\"https:\/\/galwaycivictrust.ie\/index.php\/meet-our-team\/\" \/>\n<meta property=\"og:locale\" content=\"en_GB\" \/>\n<meta property=\"og:type\" content=\"article\" \/>\n<meta property=\"og:title\" content=\"Meet Our Team - Galway Civic Trust - D\u00fachas Na Gaillimhe\" \/>\n<meta property=\"og:description\" content=\"Board Members Gerard D&#8217;Arcy &#8211; Chairman Gerard worked with a semi-state organisation as a building services engineer for over 40 years. In the last 15 years his emphasis has been mainly on renewable\u00a0 \u00a0energy for domestic, commercial, industrial and community buildings. Gerard is semi-retired at the moment and has continued [&hellip;]\" \/>\n<meta property=\"og:url\" content=\"https:\/\/galwaycivictrust.ie\/index.php\/meet-our-team\/\" \/>\n<meta property=\"og:site_name\" content=\"Galway Civic Trust - D\u00fachas Na Gaillimhe\" \/>\n<meta property=\"article:modified_time\" content=\"2025-07-28T15:34:02+00:00\" \/>\n<meta property=\"og:image\" content=\"https:\/\/galwaycivictrust.ie\/wp-content\/uploads\/2025\/07\/23330_n.jpg\" \/>\n\t<meta property=\"og:image:width\" content=\"500\" \/>\n\t<meta property=\"og:image:height\" content=\"375\" \/>\n\t<meta property=\"og:image:type\" content=\"image\/jpeg\" \/>\n<meta name=\"twitter:card\" content=\"summary_large_image\" \/>\n<meta name=\"twitter:label1\" content=\"Estimated reading time\" \/>\n\t<meta name=\"twitter:data1\" content=\"1 minute\" \/>\n<script type=\"application\/ld+json\" class=\"yoast-schema-graph\">{\"@context\":\"https:\/\/schema.org\",\"@graph\":[{\"@type\":\"WebPage\",\"@id\":\"https:\/\/galwaycivictrust.ie\/index.php\/meet-our-team\/\",\"url\":\"https:\/\/galwaycivictrust.ie\/index.php\/meet-our-team\/\",\"name\":\"Meet Our Team - Galway Civic Trust - D\u00fachas Na Gaillimhe\",\"isPartOf\":{\"@id\":\"https:\/\/galwaycivictrust.ie\/#website\"},\"primaryImageOfPage\":{\"@id\":\"https:\/\/galwaycivictrust.ie\/index.php\/meet-our-team\/#primaryimage\"},\"image\":{\"@id\":\"https:\/\/galwaycivictrust.ie\/index.php\/meet-our-team\/#primaryimage\"},\"thumbnailUrl\":\"https:\/\/i0.wp.com\/galwaycivictrust.ie\/wp-content\/uploads\/2025\/07\/23330_n.jpg?fit=500%2C375&ssl=1\",\"datePublished\":\"2021-12-09T11:24:36+00:00\",\"dateModified\":\"2025-07-28T15:34:02+00:00\",\"breadcrumb\":{\"@id\":\"https:\/\/galwaycivictrust.ie\/index.php\/meet-our-team\/#breadcrumb\"},\"inLanguage\":\"en-GB\",\"potentialAction\":[{\"@type\":\"ReadAction\",\"target\":[\"https:\/\/galwaycivictrust.ie\/index.php\/meet-our-team\/\"]}]},{\"@type\":\"ImageObject\",\"inLanguage\":\"en-GB\",\"@id\":\"https:\/\/galwaycivictrust.ie\/index.php\/meet-our-team\/#primaryimage\",\"url\":\"https:\/\/i0.wp.com\/galwaycivictrust.ie\/wp-content\/uploads\/2025\/07\/23330_n.jpg?fit=500%2C375&ssl=1\",\"contentUrl\":\"https:\/\/i0.wp.com\/galwaycivictrust.ie\/wp-content\/uploads\/2025\/07\/23330_n.jpg?fit=500%2C375&ssl=1\",\"width\":500,\"height\":375},{\"@type\":\"BreadcrumbList\",\"@id\":\"https:\/\/galwaycivictrust.ie\/index.php\/meet-our-team\/#breadcrumb\",\"itemListElement\":[{\"@type\":\"ListItem\",\"position\":1,\"name\":\"Home\",\"item\":\"https:\/\/galwaycivictrust.ie\/\"},{\"@type\":\"ListItem\",\"position\":2,\"name\":\"Meet Our Team\"}]},{\"@type\":\"WebSite\",\"@id\":\"https:\/\/galwaycivictrust.ie\/#website\",\"url\":\"https:\/\/galwaycivictrust.ie\/\",\"name\":\"Galway Civic Trust - D\u00fachas Na Gaillimhe\",\"description\":\"Galway Civic Trust - D\u00fachas Na Gaillimhe\",\"publisher\":{\"@id\":\"https:\/\/galwaycivictrust.ie\/#organization\"},\"potentialAction\":[{\"@type\":\"SearchAction\",\"target\":{\"@type\":\"EntryPoint\",\"urlTemplate\":\"https:\/\/galwaycivictrust.ie\/?s={search_term_string}\"},\"query-input\":{\"@type\":\"PropertyValueSpecification\",\"valueRequired\":true,\"valueName\":\"search_term_string\"}}],\"inLanguage\":\"en-GB\"},{\"@type\":\"Organization\",\"@id\":\"https:\/\/galwaycivictrust.ie\/#organization\",\"name\":\"Galway Civic Trust - D\u00fachas Na Gaillimhe\",\"url\":\"https:\/\/galwaycivictrust.ie\/\",\"logo\":{\"@type\":\"ImageObject\",\"inLanguage\":\"en-GB\",\"@id\":\"https:\/\/galwaycivictrust.ie\/#\/schema\/logo\/image\/\",\"url\":\"https:\/\/i0.wp.com\/galwaycivictrust.ie\/wp-content\/uploads\/2021\/11\/index-1.jpg?fit=225%2C225&ssl=1\",\"contentUrl\":\"https:\/\/i0.wp.com\/galwaycivictrust.ie\/wp-content\/uploads\/2021\/11\/index-1.jpg?fit=225%2C225&ssl=1\",\"width\":225,\"height\":225,\"caption\":\"Galway Civic Trust    -    D\u00fachas Na Gaillimhe\"},\"image\":{\"@id\":\"https:\/\/galwaycivictrust.ie\/#\/schema\/logo\/image\/\"}}]}<\/script>\n<!-- \/ Yoast SEO plugin. -->","yoast_head_json":{"title":"Meet Our Team - Galway Civic Trust - D\u00fachas Na Gaillimhe","robots":{"index":"index","follow":"follow","max-snippet":"max-snippet:-1","max-image-preview":"max-image-preview:large","max-video-preview":"max-video-preview:-1"},"canonical":"https:\/\/galwaycivictrust.ie\/index.php\/meet-our-team\/","og_locale":"en_GB","og_type":"article","og_title":"Meet Our Team - Galway Civic Trust - D\u00fachas Na Gaillimhe","og_description":"Board Members Gerard D&#8217;Arcy &#8211; Chairman Gerard worked with a semi-state organisation as a building services engineer for over 40 years. In the last 15 years his emphasis has been mainly on renewable\u00a0 \u00a0energy for domestic, commercial, industrial and community buildings. Gerard is semi-retired at the moment and has continued [&hellip;]","og_url":"https:\/\/galwaycivictrust.ie\/index.php\/meet-our-team\/","og_site_name":"Galway Civic Trust - D\u00fachas Na Gaillimhe","article_modified_time":"2025-07-28T15:34:02+00:00","og_image":[{"width":500,"height":375,"url":"https:\/\/galwaycivictrust.ie\/wp-content\/uploads\/2025\/07\/23330_n.jpg","type":"image\/jpeg"}],"twitter_card":"summary_large_image","twitter_misc":{"Estimated reading time":"1 minute"},"schema":{"@context":"https:\/\/schema.org","@graph":[{"@type":"WebPage","@id":"https:\/\/galwaycivictrust.ie\/index.php\/meet-our-team\/","url":"https:\/\/galwaycivictrust.ie\/index.php\/meet-our-team\/","name":"Meet Our Team - Galway Civic Trust - D\u00fachas Na Gaillimhe","isPartOf":{"@id":"https:\/\/galwaycivictrust.ie\/#website"},"primaryImageOfPage":{"@id":"https:\/\/galwaycivictrust.ie\/index.php\/meet-our-team\/#primaryimage"},"image":{"@id":"https:\/\/galwaycivictrust.ie\/index.php\/meet-our-team\/#primaryimage"},"thumbnailUrl":"https:\/\/i0.wp.com\/galwaycivictrust.ie\/wp-content\/uploads\/2025\/07\/23330_n.jpg?fit=500%2C375&ssl=1","datePublished":"2021-12-09T11:24:36+00:00","dateModified":"2025-07-28T15:34:02+00:00","breadcrumb":{"@id":"https:\/\/galwaycivictrust.ie\/index.php\/meet-our-team\/#breadcrumb"},"inLanguage":"en-GB","potentialAction":[{"@type":"ReadAction","target":["https:\/\/galwaycivictrust.ie\/index.php\/meet-our-team\/"]}]},{"@type":"ImageObject","inLanguage":"en-GB","@id":"https:\/\/galwaycivictrust.ie\/index.php\/meet-our-team\/#primaryimage","url":"https:\/\/i0.wp.com\/galwaycivictrust.ie\/wp-content\/uploads\/2025\/07\/23330_n.jpg?fit=500%2C375&ssl=1","contentUrl":"https:\/\/i0.wp.com\/galwaycivictrust.ie\/wp-content\/uploads\/2025\/07\/23330_n.jpg?fit=500%2C375&ssl=1","width":500,"height":375},{"@type":"BreadcrumbList","@id":"https:\/\/galwaycivictrust.ie\/index.php\/meet-our-team\/#breadcrumb","itemListElement":[{"@type":"ListItem","position":1,"name":"Home","item":"https:\/\/galwaycivictrust.ie\/"},{"@type":"ListItem","position":2,"name":"Meet Our Team"}]},{"@type":"WebSite","@id":"https:\/\/galwaycivictrust.ie\/#website","url":"https:\/\/galwaycivictrust.ie\/","name":"Galway Civic Trust - D\u00fachas Na Gaillimhe","description":"Galway Civic Trust - D\u00fachas Na Gaillimhe","publisher":{"@id":"https:\/\/galwaycivictrust.ie\/#organization"},"potentialAction":[{"@type":"SearchAction","target":{"@type":"EntryPoint","urlTemplate":"https:\/\/galwaycivictrust.ie\/?s={search_term_string}"},"query-input":{"@type":"PropertyValueSpecification","valueRequired":true,"valueName":"search_term_string"}}],"inLanguage":"en-GB"},{"@type":"Organization","@id":"https:\/\/galwaycivictrust.ie\/#organization","name":"Galway Civic Trust - D\u00fachas Na Gaillimhe","url":"https:\/\/galwaycivictrust.ie\/","logo":{"@type":"ImageObject","inLanguage":"en-GB","@id":"https:\/\/galwaycivictrust.ie\/#\/schema\/logo\/image\/","url":"https:\/\/i0.wp.com\/galwaycivictrust.ie\/wp-content\/uploads\/2021\/11\/index-1.jpg?fit=225%2C225&ssl=1","contentUrl":"https:\/\/i0.wp.com\/galwaycivictrust.ie\/wp-content\/uploads\/2021\/11\/index-1.jpg?fit=225%2C225&ssl=1","width":225,"height":225,"caption":"Galway Civic Trust    -    D\u00fachas Na Gaillimhe"},"image":{"@id":"https:\/\/galwaycivictrust.ie\/#\/schema\/logo\/image\/"}}]}},"jetpack_likes_enabled":true,"jetpack_sharing_enabled":true,"jetpack-related-posts":[],"jetpack_shortlink":"https:\/\/wp.me\/Pdwf9E-2q","_links":{"self":[{"href":"https:\/\/galwaycivictrust.ie\/index.php\/wp-json\/wp\/v2\/pages\/150","targetHints":{"allow":["GET"]}}],"collection":[{"href":"https:\/\/galwaycivictrust.ie\/index.php\/wp-json\/wp\/v2\/pages"}],"about":[{"href":"https:\/\/galwaycivictrust.ie\/index.php\/wp-json\/wp\/v2\/types\/page"}],"author":[{"embeddable":true,"href":"https:\/\/galwaycivictrust.ie\/index.php\/wp-json\/wp\/v2\/users\/1"}],"replies":[{"embeddable":true,"href":"https:\/\/galwaycivictrust.ie\/index.php\/wp-json\/wp\/v2\/comments?post=150"}],"version-history":[{"count":19,"href":"https:\/\/galwaycivictrust.ie\/index.php\/wp-json\/wp\/v2\/pages\/150\/revisions"}],"predecessor-version":[{"id":1714,"href":"https:\/\/galwaycivictrust.ie\/index.php\/wp-json\/wp\/v2\/pages\/150\/revisions\/1714"}],"wp:featuredmedia":[{"embeddable":true,"href":"https:\/\/galwaycivictrust.ie\/index.php\/wp-json\/wp\/v2\/media\/1710"}],"wp:attachment":[{"href":"https:\/\/galwaycivictrust.ie\/index.php\/wp-json\/wp\/v2\/media?parent=150"}],"curies":[{"name":"wp","href":"https:\/\/api.w.org\/{rel}","templated":true}]}}